-- INSERTING into FBV_PERSON
Insert into FBV_PERSON (PERSNR,VNAME,NNAME,GESCHLECHT,GEBDAT) values (fbv_persnr_sequence.nextval,'VName 00','NName 00','M',to_date('01.01.71','DD.MM.RR'));
Insert into FBV_PERSON (PERSNR,VNAME,NNAME,GESCHLECHT,GEBDAT) values (fbv_persnr_sequence.nextval,'VName 02','NName 02','W',to_date('11.02.72','DD.MM.RR'));
Insert into FBV_PERSON (PERSNR,VNAME,NNAME,GESCHLECHT,GEBDAT) values (fbv_persnr_sequence.nextval,'VName 04','NName 04','M',to_date('21.03.73','DD.MM.RR'));
Insert into FBV_PERSON (PERSNR,VNAME,NNAME,GESCHLECHT,GEBDAT) values (fbv_persnr_sequence.nextval,'VName 06','NName 06','W',to_date('30.04.74','DD.MM.RR'));
Insert into FBV_PERSON (PERSNR,VNAME,NNAME,GESCHLECHT,GEBDAT) values (fbv_persnr_sequence.nextval,'VName 08','NName 08','M',to_date('02.05.75','DD.MM.RR'));
Insert into FBV_PERSON (PERSNR,VNAME,NNAME,GESCHLECHT,GEBDAT) values (fbv_persnr_sequence.nextval,'VName 10','NName 10','M',to_date('12.06.76','DD.MM.RR'));
Insert into FBV_PERSON (PERSNR,VNAME,NNAME,GESCHLECHT,GEBDAT) values (fbv_persnr_sequence.nextval,'VName 12','NName 12','W',to_date('22.07.77','DD.MM.RR'));
Insert into FBV_PERSON (PERSNR,VNAME,NNAME,GESCHLECHT,GEBDAT) values (fbv_persnr_sequence.nextval,'VName 14','NName 14','M',to_date('01.08.78','DD.MM.RR'));
Insert into FBV_PERSON (PERSNR,VNAME,NNAME,GESCHLECHT,GEBDAT) values (fbv_persnr_sequence.nextval,'VName 16','NName 16','M',to_date('11.09.79','DD.MM.RR'));
Insert into FBV_PERSON (PERSNR,VNAME,NNAME,GESCHLECHT,GEBDAT) values (fbv_persnr_sequence.nextval,'VName 18','NName 18','W',to_date('21.10.80','DD.MM.RR'));
Insert into FBV_PERSON (PERSNR,VNAME,NNAME,GESCHLECHT,GEBDAT) values (fbv_persnr_sequence.nextval,'VName 20','NName 20','M',to_date('30.11.61','DD.MM.RR'));
Insert into FBV_PERSON (PERSNR,VNAME,NNAME,GESCHLECHT,GEBDAT) values (fbv_persnr_sequence.nextval,'VName 22','NName 22','W',to_date('04.12.62','DD.MM.RR'));
Insert into FBV_PERSON (PERSNR,VNAME,NNAME,GESCHLECHT,GEBDAT) values (fbv_persnr_sequence.nextval,'VName 24','NName 24','W',to_date('14.01.63','DD.MM.RR'));
Insert into FBV_PERSON (PERSNR,VNAME,NNAME,GESCHLECHT,GEBDAT) values (fbv_persnr_sequence.nextval,'VName 26','NName 26','M',to_date('24.02.64','DD.MM.RR'));
Insert into FBV_PERSON (PERSNR,VNAME,NNAME,GESCHLECHT,GEBDAT) values (fbv_persnr_sequence.nextval,'VName 28','NName 28','M',to_date('04.01.71','DD.MM.RR'));
Insert into FBV_PERSON (PERSNR,VNAME,NNAME,GESCHLECHT,GEBDAT) values (fbv_persnr_sequence.nextval,'VName 30','NName 30','W',to_date('05.01.71','DD.MM.RR'));
Insert into FBV_PERSON (PERSNR,VNAME,NNAME,GESCHLECHT,GEBDAT) values (fbv_persnr_sequence.nextval,'VName 32','NName 32','W',to_date('15.02.72','DD.MM.RR'));
Insert into FBV_PERSON (PERSNR,VNAME,NNAME,GESCHLECHT,GEBDAT) values (fbv_persnr_sequence.nextval,'VName 34','NName 34','M',to_date('25.03.73','DD.MM.RR'));
Insert into FBV_PERSON (PERSNR,VNAME,NNAME,GESCHLECHT,GEBDAT) values (fbv_persnr_sequence.nextval,'VName 36','NName 36','W',to_date('30.04.74','DD.MM.RR'));
Insert into FBV_PERSON (PERSNR,VNAME,NNAME,GESCHLECHT,GEBDAT) values (fbv_persnr_sequence.nextval,'VName 38','NName 38','W',to_date('06.05.75','DD.MM.RR'));
Insert into FBV_PERSON (PERSNR,VNAME,NNAME,GESCHLECHT,GEBDAT) values (fbv_persnr_sequence.nextval,'VName 40','NName 40','M',to_date('16.06.76','DD.MM.RR'));
Insert into FBV_PERSON (PERSNR,VNAME,NNAME,GESCHLECHT,GEBDAT) values (fbv_persnr_sequence.nextval,'VName 42','NName 42','W',to_date('26.07.77','DD.MM.RR'));
Insert into FBV_PERSON (PERSNR,VNAME,NNAME,GESCHLECHT,GEBDAT) values (fbv_persnr_sequence.nextval,'VName 44','NName 44','M',to_date('02.08.78','DD.MM.RR'));
Insert into FBV_PERSON (PERSNR,VNAME,NNAME,GESCHLECHT,GEBDAT) values (fbv_persnr_sequence.nextval,'VName 46','NName 46','M',to_date('13.09.79','DD.MM.RR'));
Insert into FBV_PERSON (PERSNR,VNAME,NNAME,GESCHLECHT,GEBDAT) values (fbv_persnr_sequence.nextval,'VName 48','NName 48','M',to_date('23.10.80','DD.MM.RR'));
Insert into FBV_PERSON (PERSNR,VNAME,NNAME,GESCHLECHT,GEBDAT) values (fbv_persnr_sequence.nextval,'VName 50','NName 50','M',to_date('30.11.61','DD.MM.RR'));
Insert into FBV_PERSON (PERSNR,VNAME,NNAME,GESCHLECHT,GEBDAT) values (fbv_persnr_sequence.nextval,'VName 52','NName 52','W',to_date('03.12.62','DD.MM.RR'));
Insert into FBV_PERSON (PERSNR,VNAME,NNAME,GESCHLECHT,GEBDAT) values (fbv_persnr_sequence.nextval,'VName 54','NName 54','M',to_date('14.01.63','DD.MM.RR'));
Insert into FBV_PERSON (PERSNR,VNAME,NNAME,GESCHLECHT,GEBDAT) values (fbv_persnr_sequence.nextval,'VName 56','NName 56','W',to_date('24.02.64','DD.MM.RR'));
Insert into FBV_PERSON (PERSNR,VNAME,NNAME,GESCHLECHT,GEBDAT) values (fbv_persnr_sequence.nextval,'VName 58','NName 58','M',to_date('27.03.65','DD.MM.RR'));
Insert into FBV_PERSON (PERSNR,VNAME,NNAME,GESCHLECHT,GEBDAT) values (fbv_persnr_sequence.nextval,'VName 60','NName 60','W',to_date('28.04.66','DD.MM.RR'));
Insert into FBV_PERSON (PERSNR,VNAME,NNAME,GESCHLECHT,GEBDAT) values (fbv_persnr_sequence.nextval,'VName 62','NName 62','M',to_date('15.02.72','DD.MM.RR'));
Insert into FBV_PERSON (PERSNR,VNAME,NNAME,GESCHLECHT,GEBDAT) values (fbv_persnr_sequence.nextval,'VName 64','NName 64','M',to_date('25.03.73','DD.MM.RR'));
Insert into FBV_PERSON (PERSNR,VNAME,NNAME,GESCHLECHT,GEBDAT) values (fbv_persnr_sequence.nextval,'VName 66','NName 66','W',to_date('30.04.74','DD.MM.RR'));
Insert into FBV_PERSON (PERSNR,VNAME,NNAME,GESCHLECHT,GEBDAT) values (fbv_persnr_sequence.nextval,'VName 68','NName 68','M',to_date('06.05.75','DD.MM.RR'));
Insert into FBV_PERSON (PERSNR,VNAME,NNAME,GESCHLECHT,GEBDAT) values (fbv_persnr_sequence.nextval,'VName 70','NName 70','W',to_date('16.06.76','DD.MM.RR'));
Insert into FBV_PERSON (PERSNR,VNAME,NNAME,GESCHLECHT,GEBDAT) values (fbv_persnr_sequence.nextval,'VName 72','NName 72','W',to_date('26.07.77','DD.MM.RR'));
Insert into FBV_PERSON (PERSNR,VNAME,NNAME,GESCHLECHT,GEBDAT) values (fbv_persnr_sequence.nextval,'VName 74','NName 74','M',to_date('02.08.78','DD.MM.RR'));
Insert into FBV_PERSON (PERSNR,VNAME,NNAME,GESCHLECHT,GEBDAT) values (fbv_persnr_sequence.nextval,'VName 76','NName 76','M',to_date('13.09.79','DD.MM.RR'));
Insert into FBV_PERSON (PERSNR,VNAME,NNAME,GESCHLECHT,GEBDAT) values (fbv_persnr_sequence.nextval,'VName 78','NName 78','W',to_date('23.10.80','DD.MM.RR'));
Insert into FBV_PERSON (PERSNR,VNAME,NNAME,GESCHLECHT,GEBDAT) values (fbv_persnr_sequence.nextval,'VName 80','NName 80','M',to_date('30.11.61','DD.MM.RR'));
Insert into FBV_PERSON (PERSNR,VNAME,NNAME,GESCHLECHT,GEBDAT) values (fbv_persnr_sequence.nextval,'VName 82','NName 82','W',to_date('03.12.62','DD.MM.RR'));
Insert into FBV_PERSON (PERSNR,VNAME,NNAME,GESCHLECHT,GEBDAT) values (fbv_persnr_sequence.nextval,'VName 84','NName 84','M',to_date('14.01.63','DD.MM.RR'));
Insert into FBV_PERSON (PERSNR,VNAME,NNAME,GESCHLECHT,GEBDAT) values (fbv_persnr_sequence.nextval,'VName 86','NName 86','W',to_date('24.02.64','DD.MM.RR'));
Insert into FBV_PERSON (PERSNR,VNAME,NNAME,GESCHLECHT,GEBDAT) values (fbv_persnr_sequence.nextval,'VName 88','NName 88','M',to_date('27.03.65','DD.MM.RR'));
Insert into FBV_PERSON (PERSNR,VNAME,NNAME,GESCHLECHT,GEBDAT) values (fbv_persnr_sequence.nextval,'VName 90','NName 90','M',to_date('28.04.66','DD.MM.RR'));
Insert into FBV_PERSON (PERSNR,VNAME,NNAME,GESCHLECHT,GEBDAT) values (fbv_persnr_sequence.nextval,'VName 92','NName 92','W',to_date('03.12.62','DD.MM.RR'));
Insert into FBV_PERSON (PERSNR,VNAME,NNAME,GESCHLECHT,GEBDAT) values (fbv_persnr_sequence.nextval,'VName 94','NName 94','M',to_date('14.01.63','DD.MM.RR'));
Insert into FBV_PERSON (PERSNR,VNAME,NNAME,GESCHLECHT,GEBDAT) values (fbv_persnr_sequence.nextval,'VName 96','NName 96','M',to_date('24.02.64','DD.MM.RR'));
Insert into FBV_PERSON (PERSNR,VNAME,NNAME,GESCHLECHT,GEBDAT) values (fbv_persnr_sequence.nextval,'VName 98','NName 98','W',to_date('27.03.65','DD.MM.RR'));
Insert into FBV_PERSON (PERSNR,VNAME,NNAME,GESCHLECHT,GEBDAT) values (fbv_persnr_sequence.nextval,'VName100','NName100','M',to_date('17.04.34','DD.MM.RR'));
Insert into FBV_PERSON (PERSNR,VNAME,NNAME,GESCHLECHT,GEBDAT) values (fbv_persnr_sequence.nextval,'VName102','NName102','W',to_date('13.05.35','DD.MM.RR'));
Insert into FBV_PERSON (PERSNR,VNAME,NNAME,GESCHLECHT,GEBDAT) values (fbv_persnr_sequence.nextval,'VName104','NName104','M',to_date('27.06.36','DD.MM.RR'));

-- INSERTING into FBV_ANGESTELLTER
Insert into FBV_ANGESTELLTER (PERSNR,GEHALT,UEBERSTUNDEN,E_MAIL) values (10002,51243.65,10.05,'name02@htl-leo.ac.at');
Insert into FBV_ANGESTELLTER (PERSNR,GEHALT,UEBERSTUNDEN,E_MAIL) values (10004,46243.75,20.15,'name04@htl-leo.ac.at');
Insert into FBV_ANGESTELLTER (PERSNR,GEHALT,UEBERSTUNDEN,E_MAIL) values (10006,80243.85,30.25,'name06@htl-leo.ac.at');
Insert into FBV_ANGESTELLTER (PERSNR,GEHALT,UEBERSTUNDEN,E_MAIL) values (10008,61653.95,40.35,'name08@htl-leo.ac.at');
Insert into FBV_ANGESTELLTER (PERSNR,GEHALT,UEBERSTUNDEN,E_MAIL) values (10010,43243.05,50.45,'name10@htl-leo.ac.at');
Insert into FBV_ANGESTELLTER (PERSNR,GEHALT,UEBERSTUNDEN,E_MAIL) values (10012,35243.15,60.55,'name12@htl-leo.ac.at');
Insert into FBV_ANGESTELLTER (PERSNR,GEHALT,UEBERSTUNDEN,E_MAIL) values (10014,29243.35,70.65,'name14@htl-leo.ac.at');
Insert into FBV_ANGESTELLTER (PERSNR,GEHALT,UEBERSTUNDEN,E_MAIL) values (10016,30243.45,80.75,'name16@htl-leo.ac.at');
Insert into FBV_ANGESTELLTER (PERSNR,GEHALT,UEBERSTUNDEN,E_MAIL) values (10018,51243.55,0,'name18@htl-leo.ac.at');

-- INSERTING into FBV_MITGLIED
Insert into FBV_MITGLIED (PERSNR,BEITRAG) values (10020,243.55);
Insert into FBV_MITGLIED (PERSNR,BEITRAG) values (10022,342.65);
Insert into FBV_MITGLIED (PERSNR,BEITRAG) values (10024,0);
Insert into FBV_MITGLIED (PERSNR,BEITRAG) values (10026,0);
Insert into FBV_MITGLIED (PERSNR,BEITRAG) values (10028,234.75);
Insert into FBV_MITGLIED (PERSNR,BEITRAG) values (10030,124.85);
Insert into FBV_MITGLIED (PERSNR,BEITRAG) values (10032,42.65);
Insert into FBV_MITGLIED (PERSNR,BEITRAG) values (10034,0);
Insert into FBV_MITGLIED (PERSNR,BEITRAG) values (10036,0);
Insert into FBV_MITGLIED (PERSNR,BEITRAG) values (10038,14.75);

-- INSERTING into FBV_SPIELER
Insert into FBV_SPIELER (PERSNR,GEHALT,POSITION,VON,BIS) values (10040,151243.55,'Position A',to_date('28.04.05','DD.MM.RR'),to_date('30.06.09','DD.MM.RR'));
Insert into FBV_SPIELER (PERSNR,GEHALT,POSITION,VON,BIS) values (10042,121243.65,'Position A',to_date('01.07.06','DD.MM.RR'),to_date('30.06.08','DD.MM.RR'));
Insert into FBV_SPIELER (PERSNR,GEHALT,POSITION,VON,BIS) values (10044,201243.75,'Position B',to_date('15.05.07','DD.MM.RR'),to_date('31.12.10','DD.MM.RR'));
Insert into FBV_SPIELER (PERSNR,GEHALT,POSITION,VON,BIS) values (10046,181243.85,'Position B',to_date('28.12.05','DD.MM.RR'),to_date('31.12.11','DD.MM.RR'));
Insert into FBV_SPIELER (PERSNR,GEHALT,POSITION,VON,BIS) values (10048,191243.95,'Position C',to_date('30.04.03','DD.MM.RR'),to_date('30.06.09','DD.MM.RR'));
Insert into FBV_SPIELER (PERSNR,GEHALT,POSITION,VON,BIS) values (10050,111243.05,'Position A',to_date('28.04.04','DD.MM.RR'),to_date('30.06.09','DD.MM.RR'));
Insert into FBV_SPIELER (PERSNR,GEHALT,POSITION,VON,BIS) values (10052,122243.15,'Position A',to_date('01.07.05','DD.MM.RR'),to_date('30.06.08','DD.MM.RR'));
Insert into FBV_SPIELER (PERSNR,GEHALT,POSITION,VON,BIS) values (10054,201343.15,'Position B',to_date('15.05.06','DD.MM.RR'),to_date('31.12.10','DD.MM.RR'));
Insert into FBV_SPIELER (PERSNR,GEHALT,POSITION,VON,BIS) values (10056,181243.25,'Position B',to_date('28.12.03','DD.MM.RR'),to_date('31.12.11','DD.MM.RR'));
Insert into FBV_SPIELER (PERSNR,GEHALT,POSITION,VON,BIS) values (10058,191245.35,'Position C',to_date('30.04.05','DD.MM.RR'),to_date('30.06.09','DD.MM.RR'));
Insert into FBV_SPIELER (PERSNR,GEHALT,POSITION,VON,BIS) values (10060,151243.55,'Position A',to_date('28.04.05','DD.MM.RR'),to_date('30.06.09','DD.MM.RR'));
Insert into FBV_SPIELER (PERSNR,GEHALT,POSITION,VON,BIS) values (10062,121243.65,'Position A',to_date('01.07.06','DD.MM.RR'),to_date('30.06.08','DD.MM.RR'));
Insert into FBV_SPIELER (PERSNR,GEHALT,POSITION,VON,BIS) values (10064,201243.75,'Position B',to_date('15.05.07','DD.MM.RR'),to_date('31.12.10','DD.MM.RR'));
Insert into FBV_SPIELER (PERSNR,GEHALT,POSITION,VON,BIS) values (10066,181243.85,'Position B',to_date('28.12.05','DD.MM.RR'),to_date('31.12.11','DD.MM.RR'));
Insert into FBV_SPIELER (PERSNR,GEHALT,POSITION,VON,BIS) values (10068,191243.95,'Position C',to_date('30.04.03','DD.MM.RR'),to_date('30.06.09','DD.MM.RR'));
Insert into FBV_SPIELER (PERSNR,GEHALT,POSITION,VON,BIS) values (10070,111243.05,'Position A',to_date('28.04.04','DD.MM.RR'),to_date('30.06.09','DD.MM.RR'));
Insert into FBV_SPIELER (PERSNR,GEHALT,POSITION,VON,BIS) values (10072,122243.15,'Position A',to_date('01.07.05','DD.MM.RR'),to_date('30.06.08','DD.MM.RR'));
Insert into FBV_SPIELER (PERSNR,GEHALT,POSITION,VON,BIS) values (10074,201343.15,'Position B',to_date('15.05.06','DD.MM.RR'),to_date('31.12.10','DD.MM.RR'));
Insert into FBV_SPIELER (PERSNR,GEHALT,POSITION,VON,BIS) values (10076,181243.25,'Position B',to_date('28.12.03','DD.MM.RR'),to_date('31.12.11','DD.MM.RR'));
Insert into FBV_SPIELER (PERSNR,GEHALT,POSITION,VON,BIS) values (10078,191245.35,'Position C',to_date('30.04.05','DD.MM.RR'),to_date('30.06.09','DD.MM.RR'));

-- INSERTING into FBV_TRAINER
Insert into FBV_TRAINER (PERSNR,GEHALT,VON,BIS) values (10080,251243.45,to_date('01.04.05','DD.MM.RR'),to_date('01.02.08','DD.MM.RR'));
Insert into FBV_TRAINER (PERSNR,GEHALT,VON,BIS) values (10082,131243.55,to_date('01.07.06','DD.MM.RR'),to_date('01.12.07','DD.MM.RR'));
Insert into FBV_TRAINER (PERSNR,GEHALT,VON,BIS) values (10084,171243.65,to_date('15.06.03','DD.MM.RR'),to_date('01.07.09','DD.MM.RR'));
Insert into FBV_TRAINER (PERSNR,GEHALT,VON,BIS) values (10086,191243.85,to_date('01.07.04','DD.MM.RR'),to_date('01.09.10','DD.MM.RR'));
Insert into FBV_TRAINER (PERSNR,GEHALT,VON,BIS) values (10088,201343.75,to_date('01.07.07','DD.MM.RR'),to_date('01.12.09','DD.MM.RR'));
Insert into FBV_TRAINER (PERSNR,GEHALT,VON,BIS) values (10090,251743.65,to_date('01.01.05','DD.MM.RR'),to_date('01.08.08','DD.MM.RR'));
Insert into FBV_TRAINER (PERSNR,GEHALT,VON,BIS) values (10092,131543.55,to_date('01.02.06','DD.MM.RR'),to_date('01.10.07','DD.MM.RR'));
Insert into FBV_TRAINER (PERSNR,GEHALT,VON,BIS) values (10094,171443.45,to_date('15.03.03','DD.MM.RR'),to_date('01.06.09','DD.MM.RR'));
Insert into FBV_TRAINER (PERSNR,GEHALT,VON,BIS) values (10096,191343.35,to_date('01.04.04','DD.MM.RR'),to_date('01.05.10','DD.MM.RR'));
Insert into FBV_TRAINER (PERSNR,GEHALT,VON,BIS) values (10098,201843.25,to_date('01.05.07','DD.MM.RR'),to_date('01.11.09','DD.MM.RR'));
Insert into FBV_TRAINER (PERSNR,GEHALT,VON,BIS) values (10100,141843.25,to_date('01.06.07','DD.MM.RR'),to_date('01.11.10','DD.MM.RR'));
Insert into FBV_TRAINER (PERSNR,GEHALT,VON,BIS) values (10102,151843.25,to_date('01.07.07','DD.MM.RR'),to_date('01.11.09','DD.MM.RR'));
Insert into FBV_TRAINER (PERSNR,GEHALT,VON,BIS) values (10104,161843.25,to_date('01.08.07','DD.MM.RR'),to_date('01.11.08','DD.MM.RR'));

-- INSERTING into FBV_STANDORT
Insert into FBV_STANDORT (SID,LAND,PLZ,ORT) values (fbv_sid_sequence.nextval,'Land A','A-1040','Ort 1');
Insert into FBV_STANDORT (SID,LAND,PLZ,ORT) values (fbv_sid_sequence.nextval,'Land B','B-1050','Ort 2');
Insert into FBV_STANDORT (SID,LAND,PLZ,ORT) values (fbv_sid_sequence.nextval,'Land C','C-1060','Ort 3');
Insert into FBV_STANDORT (SID,LAND,PLZ,ORT) values (fbv_sid_sequence.nextval,'Land D','D-1070','Ort 4');
Insert into FBV_STANDORT (SID,LAND,PLZ,ORT) values (fbv_sid_sequence.nextval,'Land A','A-1120','Ort 5');
Insert into FBV_STANDORT (SID,LAND,PLZ,ORT) values (fbv_sid_sequence.nextval,'Land B','B-1130','Ort 6');
Insert into FBV_STANDORT (SID,LAND,PLZ,ORT) values (fbv_sid_sequence.nextval,'Land C','C-4040','Ort 7');
Insert into FBV_STANDORT (SID,LAND,PLZ,ORT) values (fbv_sid_sequence.nextval,'Land D','D-5040','Ort 8');
Insert into FBV_STANDORT (SID,LAND,PLZ,ORT) values (fbv_sid_sequence.nextval,'Land E','E-6020','Ort 9');
Insert into FBV_STANDORT (SID,LAND,PLZ,ORT) values (fbv_sid_sequence.nextval,'Land F','F-1040','Ort 10');

-- INSERTING into FBV_FANCLUB
Insert into FBV_FANCLUB (SID,NAME,GEGRUENDET,OBMANN) values (1,'FClub A',to_date('21.02.07','DD.MM.RR'),10020);
Insert into FBV_FANCLUB (SID,NAME,GEGRUENDET,OBMANN) values (1,'FClub B',to_date('19.03.17','DD.MM.RR'),10022);
Insert into FBV_FANCLUB (SID,NAME,GEGRUENDET,OBMANN) values (2,'FClub A',to_date('17.04.13','DD.MM.RR'),10024);
Insert into FBV_FANCLUB (SID,NAME,GEGRUENDET,OBMANN) values (2,'FClub B',to_date('15.05.54','DD.MM.RR'),10026);
Insert into FBV_FANCLUB (SID,NAME,GEGRUENDET,OBMANN) values (3,'FClub A',to_date('13.06.88','DD.MM.RR'),10028);
Insert into FBV_FANCLUB (SID,NAME,GEGRUENDET,OBMANN) values (4,'FClub A',to_date('11.07.47','DD.MM.RR'),10030);
Insert into FBV_FANCLUB (SID,NAME,GEGRUENDET,OBMANN) values (4,'FClub B',to_date('08.08.90','DD.MM.RR'),10032);
Insert into FBV_FANCLUB (SID,NAME,GEGRUENDET,OBMANN) values (5,'FClub A',to_date('04.09.74','DD.MM.RR'),10034);
Insert into FBV_FANCLUB (SID,NAME,GEGRUENDET,OBMANN) values (6,'FClub B',to_date('05.02.34','DD.MM.RR'),10036);
Insert into FBV_FANCLUB (SID,NAME,GEGRUENDET,OBMANN) values (6,'FClub C',to_date('06.02.75','DD.MM.RR'),10038);

-- INSERTING into FBV_MANNSCHAFT
Insert into FBV_MANNSCHAFT (BEZEICHNUNG,KLASSE,NAECHSTES_SPIEL,CHEFTRAINER,ASSISTENT,KAPITAEN) values ('Mannschaft 1','Klasse A',to_date('10.11.07','DD.MM.RR'),10080,10082,10040);
Insert into FBV_MANNSCHAFT (BEZEICHNUNG,KLASSE,NAECHSTES_SPIEL,CHEFTRAINER,ASSISTENT,KAPITAEN) values ('Mannschaft 2','Klasse B',to_date('05.11.07','DD.MM.RR'),10084,10086,10046);
Insert into FBV_MANNSCHAFT (BEZEICHNUNG,KLASSE,NAECHSTES_SPIEL,CHEFTRAINER,ASSISTENT,KAPITAEN) values ('Mannschaft 3','Klasse A',to_date('10.11.07','DD.MM.RR'),10088,10090,10052);
Insert into FBV_MANNSCHAFT (BEZEICHNUNG,KLASSE,NAECHSTES_SPIEL,CHEFTRAINER,ASSISTENT,KAPITAEN) values ('Mannschaft 4','Klasse C',to_date('10.11.07','DD.MM.RR'),10092,10094,10058);
Insert into FBV_MANNSCHAFT (BEZEICHNUNG,KLASSE,NAECHSTES_SPIEL,CHEFTRAINER,ASSISTENT,KAPITAEN) values ('Mannschaft 5','Klasse C',to_date('05.11.07','DD.MM.RR'),10096,10098,10062);
Insert into FBV_MANNSCHAFT (BEZEICHNUNG,KLASSE,NAECHSTES_SPIEL,CHEFTRAINER,ASSISTENT,KAPITAEN) values ('Mannschaft 6','Klasse A',to_date('10.11.07','DD.MM.RR'),10100,10102,10072);

-- INSERTING into FBV_BETREUEN
Insert into FBV_BETREUEN (BETREUER,SID,FANCLUBNAME,ANFANG,ENDE) values (10002,1,'FClub A',to_date('04.09.74','DD.MM.RR'),to_date('04.09.10','DD.MM.RR'));
Insert into FBV_BETREUEN (BETREUER,SID,FANCLUBNAME,ANFANG,ENDE) values (10002,1,'FClub B',to_date('04.09.74','DD.MM.RR'),to_date('04.09.10','DD.MM.RR'));
Insert into FBV_BETREUEN (BETREUER,SID,FANCLUBNAME,ANFANG,ENDE) values (10006,2,'FClub A',to_date('04.09.74','DD.MM.RR'),to_date('04.09.10','DD.MM.RR'));
Insert into FBV_BETREUEN (BETREUER,SID,FANCLUBNAME,ANFANG,ENDE) values (10006,2,'FClub B',to_date('04.09.74','DD.MM.RR'),to_date('04.09.10','DD.MM.RR'));
Insert into FBV_BETREUEN (BETREUER,SID,FANCLUBNAME,ANFANG,ENDE) values (10008,3,'FClub A',to_date('04.09.74','DD.MM.RR'),to_date('04.09.10','DD.MM.RR'));
Insert into FBV_BETREUEN (BETREUER,SID,FANCLUBNAME,ANFANG,ENDE) values (10006,1,'FClub A',to_date('04.09.74','DD.MM.RR'),to_date('04.09.10','DD.MM.RR'));
Insert into FBV_BETREUEN (BETREUER,SID,FANCLUBNAME,ANFANG,ENDE) values (10008,1,'FClub B',to_date('04.09.74','DD.MM.RR'),to_date('04.09.10','DD.MM.RR'));
Insert into FBV_BETREUEN (BETREUER,SID,FANCLUBNAME,ANFANG,ENDE) values (10010,2,'FClub A',to_date('04.09.74','DD.MM.RR'),to_date('04.09.10','DD.MM.RR'));
Insert into FBV_BETREUEN (BETREUER,SID,FANCLUBNAME,ANFANG,ENDE) values (10010,2,'FClub B',to_date('04.09.74','DD.MM.RR'),to_date('04.09.10','DD.MM.RR'));
Insert into FBV_BETREUEN (BETREUER,SID,FANCLUBNAME,ANFANG,ENDE) values (10010,3,'FClub A',to_date('04.09.74','DD.MM.RR'),to_date('04.09.10','DD.MM.RR'));
Insert into FBV_BETREUEN (BETREUER,SID,FANCLUBNAME,ANFANG,ENDE) values (10012,1,'FClub A',to_date('04.09.74','DD.MM.RR'),to_date('04.09.10','DD.MM.RR'));
Insert into FBV_BETREUEN (BETREUER,SID,FANCLUBNAME,ANFANG,ENDE) values (10012,1,'FClub B',to_date('04.09.74','DD.MM.RR'),to_date('04.09.10','DD.MM.RR'));
Insert into FBV_BETREUEN (BETREUER,SID,FANCLUBNAME,ANFANG,ENDE) values (10012,2,'FClub A',to_date('04.09.74','DD.MM.RR'),to_date('04.09.10','DD.MM.RR'));
Insert into FBV_BETREUEN (BETREUER,SID,FANCLUBNAME,ANFANG,ENDE) values (10012,2,'FClub B',to_date('04.09.74','DD.MM.RR'),to_date('04.09.10','DD.MM.RR'));
Insert into FBV_BETREUEN (BETREUER,SID,FANCLUBNAME,ANFANG,ENDE) values (10012,3,'FClub A',to_date('04.09.74','DD.MM.RR'),to_date('04.09.10','DD.MM.RR'));
Insert into FBV_BETREUEN (BETREUER,SID,FANCLUBNAME,ANFANG,ENDE) values (10012,4,'FClub A',to_date('04.09.74','DD.MM.RR'),to_date('04.09.10','DD.MM.RR'));
Insert into FBV_BETREUEN (BETREUER,SID,FANCLUBNAME,ANFANG,ENDE) values (10012,4,'FClub B',to_date('04.09.74','DD.MM.RR'),to_date('04.09.10','DD.MM.RR'));
Insert into FBV_BETREUEN (BETREUER,SID,FANCLUBNAME,ANFANG,ENDE) values (10012,5,'FClub A',to_date('04.09.74','DD.MM.RR'),to_date('04.09.10','DD.MM.RR'));
Insert into FBV_BETREUEN (BETREUER,SID,FANCLUBNAME,ANFANG,ENDE) values (10012,6,'FClub B',to_date('04.09.74','DD.MM.RR'),to_date('04.09.10','DD.MM.RR'));
Insert into FBV_BETREUEN (BETREUER,SID,FANCLUBNAME,ANFANG,ENDE) values (10012,6,'FClub C',to_date('04.09.74','DD.MM.RR'),to_date('04.09.10','DD.MM.RR'));
Insert into FBV_BETREUEN (BETREUER,SID,FANCLUBNAME,ANFANG,ENDE) values (10014,3,'FClub A',to_date('04.09.74','DD.MM.RR'),to_date('04.09.10','DD.MM.RR'));
Insert into FBV_BETREUEN (BETREUER,SID,FANCLUBNAME,ANFANG,ENDE) values (10014,1,'FClub A',to_date('04.09.74','DD.MM.RR'),to_date('04.09.10','DD.MM.RR'));
Insert into FBV_BETREUEN (BETREUER,SID,FANCLUBNAME,ANFANG,ENDE) values (10014,1,'FClub B',to_date('04.09.74','DD.MM.RR'),to_date('04.09.10','DD.MM.RR'));
Insert into FBV_BETREUEN (BETREUER,SID,FANCLUBNAME,ANFANG,ENDE) values (10014,2,'FClub A',to_date('04.09.74','DD.MM.RR'),to_date('04.09.79','DD.MM.RR'));
Insert into FBV_BETREUEN (BETREUER,SID,FANCLUBNAME,ANFANG,ENDE) values (10014,2,'FClub B',to_date('04.09.08','DD.MM.RR'),to_date('04.09.10','DD.MM.RR'));
Insert into FBV_BETREUEN (BETREUER,SID,FANCLUBNAME,ANFANG,ENDE) values (10016,2,'FClub A',to_date('04.09.74','DD.MM.RR'),to_date('04.09.10','DD.MM.RR'));
Insert into FBV_BETREUEN (BETREUER,SID,FANCLUBNAME,ANFANG,ENDE) values (10016,2,'FClub B',to_date('04.09.74','DD.MM.RR'),to_date('04.09.10','DD.MM.RR'));
Insert into FBV_BETREUEN (BETREUER,SID,FANCLUBNAME,ANFANG,ENDE) values (10016,3,'FClub A',to_date('04.09.74','DD.MM.RR'),to_date('04.09.10','DD.MM.RR'));
Insert into FBV_BETREUEN (BETREUER,SID,FANCLUBNAME,ANFANG,ENDE) values (10018,1,'FClub A',to_date('04.09.74','DD.MM.RR'),to_date('04.09.10','DD.MM.RR'));
Insert into FBV_BETREUEN (BETREUER,SID,FANCLUBNAME,ANFANG,ENDE) values (10018,1,'FClub B',to_date('04.09.74','DD.MM.RR'),to_date('04.09.10','DD.MM.RR'));
Insert into FBV_BETREUEN (BETREUER,SID,FANCLUBNAME,ANFANG,ENDE) values (10018,2,'FClub A',to_date('04.09.74','DD.MM.RR'),to_date('04.09.10','DD.MM.RR'));
Insert into FBV_BETREUEN (BETREUER,SID,FANCLUBNAME,ANFANG,ENDE) values (10018,2,'FClub B',to_date('04.09.74','DD.MM.RR'),to_date('04.09.10','DD.MM.RR'));
Insert into FBV_BETREUEN (BETREUER,SID,FANCLUBNAME,ANFANG,ENDE) values (10018,3,'FClub A',to_date('04.09.74','DD.MM.RR'),to_date('04.09.10','DD.MM.RR'));
Insert into FBV_BETREUEN (BETREUER,SID,FANCLUBNAME,ANFANG,ENDE) values (10018,4,'FClub A',to_date('04.09.74','DD.MM.RR'),to_date('04.09.10','DD.MM.RR'));
Insert into FBV_BETREUEN (BETREUER,SID,FANCLUBNAME,ANFANG,ENDE) values (10018,4,'FClub B',to_date('04.09.74','DD.MM.RR'),to_date('04.09.10','DD.MM.RR'));
Insert into FBV_BETREUEN (BETREUER,SID,FANCLUBNAME,ANFANG,ENDE) values (10018,5,'FClub A',to_date('04.09.74','DD.MM.RR'),to_date('04.09.10','DD.MM.RR'));
Insert into FBV_BETREUEN (BETREUER,SID,FANCLUBNAME,ANFANG,ENDE) values (10018,6,'FClub B',to_date('04.09.74','DD.MM.RR'),to_date('04.09.10','DD.MM.RR'));
Insert into FBV_BETREUEN (BETREUER,SID,FANCLUBNAME,ANFANG,ENDE) values (10018,6,'FClub C',to_date('04.09.74','DD.MM.RR'),to_date('04.09.10','DD.MM.RR'));

-- INSERTING into FBV_SPIEL
Insert into FBV_SPIEL (MANNSCHAFT,DATUM,GEGNER,ERGEBNIS) values ('Mannschaft 1',to_date('10.04.06','DD.MM.RR'),'Gegner A','Sieg');
Insert into FBV_SPIEL (MANNSCHAFT,DATUM,GEGNER,ERGEBNIS) values ('Mannschaft 1',to_date('17.04.06','DD.MM.RR'),'Gegner B','Sieg');
Insert into FBV_SPIEL (MANNSCHAFT,DATUM,GEGNER,ERGEBNIS) values ('Mannschaft 1',to_date('24.04.06','DD.MM.RR'),'Gegner C','Sieg');
Insert into FBV_SPIEL (MANNSCHAFT,DATUM,GEGNER,ERGEBNIS) values ('Mannschaft 1',to_date('01.05.06','DD.MM.RR'),'Gegner A','Unentschieden');
Insert into FBV_SPIEL (MANNSCHAFT,DATUM,GEGNER,ERGEBNIS) values ('Mannschaft 1',to_date('08.05.06','DD.MM.RR'),'Gegner D','Niederlage');
Insert into FBV_SPIEL (MANNSCHAFT,DATUM,GEGNER,ERGEBNIS) values ('Mannschaft 2',to_date('24.03.06','DD.MM.RR'),'Gegner A','Sieg');
Insert into FBV_SPIEL (MANNSCHAFT,DATUM,GEGNER,ERGEBNIS) values ('Mannschaft 2',to_date('03.04.06','DD.MM.RR'),'Gegner B','Unentschieden');
Insert into FBV_SPIEL (MANNSCHAFT,DATUM,GEGNER,ERGEBNIS) values ('Mannschaft 2',to_date('08.05.06','DD.MM.RR'),'Gegner C','Niederlage');
Insert into FBV_SPIEL (MANNSCHAFT,DATUM,GEGNER,ERGEBNIS) values ('Mannschaft 2',to_date('13.05.06','DD.MM.RR'),'Gegner D','Niederlage');
Insert into FBV_SPIEL (MANNSCHAFT,DATUM,GEGNER,ERGEBNIS) values ('Mannschaft 2',to_date('31.03.06','DD.MM.RR'),'Gegner A','Sieg');
Insert into FBV_SPIEL (MANNSCHAFT,DATUM,GEGNER,ERGEBNIS) values ('Mannschaft 2',to_date('03.06.06','DD.MM.RR'),'Gegner B','Unentschieden');
Insert into FBV_SPIEL (MANNSCHAFT,DATUM,GEGNER,ERGEBNIS) values ('Mannschaft 2',to_date('08.06.06','DD.MM.RR'),'Gegner C','Niederlage');
Insert into FBV_SPIEL (MANNSCHAFT,DATUM,GEGNER,ERGEBNIS) values ('Mannschaft 1',to_date('10.04.07','DD.MM.RR'),'Gegner A','Sieg');
Insert into FBV_SPIEL (MANNSCHAFT,DATUM,GEGNER,ERGEBNIS) values ('Mannschaft 1',to_date('17.04.07','DD.MM.RR'),'Gegner B','Sieg');
Insert into FBV_SPIEL (MANNSCHAFT,DATUM,GEGNER,ERGEBNIS) values ('Mannschaft 1',to_date('24.04.07','DD.MM.RR'),'Gegner C','Sieg');
Insert into FBV_SPIEL (MANNSCHAFT,DATUM,GEGNER,ERGEBNIS) values ('Mannschaft 1',to_date('01.05.07','DD.MM.RR'),'Gegner A','Unentschieden');
Insert into FBV_SPIEL (MANNSCHAFT,DATUM,GEGNER,ERGEBNIS) values ('Mannschaft 1',to_date('08.05.07','DD.MM.RR'),'Gegner D','Niederlage');
Insert into FBV_SPIEL (MANNSCHAFT,DATUM,GEGNER,ERGEBNIS) values ('Mannschaft 2',to_date('31.03.07','DD.MM.RR'),'Gegner A','Sieg');
Insert into FBV_SPIEL (MANNSCHAFT,DATUM,GEGNER,ERGEBNIS) values ('Mannschaft 2',to_date('03.04.07','DD.MM.RR'),'Gegner B','Unentschieden');
Insert into FBV_SPIEL (MANNSCHAFT,DATUM,GEGNER,ERGEBNIS) values ('Mannschaft 2',to_date('08.05.07','DD.MM.RR'),'Gegner C','Niederlage');

-- INSERTING into FBV_EINSATZ
Insert into FBV_EINSATZ (SPIELER,MANNSCHAFT,DATUM,DAUER) values (10042,'Mannschaft 1',to_date('10.04.06','DD.MM.RR'),90);
Insert into FBV_EINSATZ (SPIELER,MANNSCHAFT,DATUM,DAUER) values (10044,'Mannschaft 1',to_date('10.04.06','DD.MM.RR'),90);
Insert into FBV_EINSATZ (SPIELER,MANNSCHAFT,DATUM,DAUER) values (10046,'Mannschaft 1',to_date('10.04.06','DD.MM.RR'),45);
Insert into FBV_EINSATZ (SPIELER,MANNSCHAFT,DATUM,DAUER) values (10048,'Mannschaft 1',to_date('10.04.06','DD.MM.RR'),45);
Insert into FBV_EINSATZ (SPIELER,MANNSCHAFT,DATUM,DAUER) values (10042,'Mannschaft 1',to_date('17.04.06','DD.MM.RR'),90);
Insert into FBV_EINSATZ (SPIELER,MANNSCHAFT,DATUM,DAUER) values (10044,'Mannschaft 1',to_date('17.04.06','DD.MM.RR'),90);
Insert into FBV_EINSATZ (SPIELER,MANNSCHAFT,DATUM,DAUER) values (10046,'Mannschaft 1',to_date('17.04.06','DD.MM.RR'),45);
Insert into FBV_EINSATZ (SPIELER,MANNSCHAFT,DATUM,DAUER) values (10048,'Mannschaft 1',to_date('17.04.06','DD.MM.RR'),45);
Insert into FBV_EINSATZ (SPIELER,MANNSCHAFT,DATUM,DAUER) values (10042,'Mannschaft 1',to_date('10.04.07','DD.MM.RR'),90);
Insert into FBV_EINSATZ (SPIELER,MANNSCHAFT,DATUM,DAUER) values (10044,'Mannschaft 1',to_date('10.04.07','DD.MM.RR'),90);
Insert into FBV_EINSATZ (SPIELER,MANNSCHAFT,DATUM,DAUER) values (10046,'Mannschaft 1',to_date('10.04.07','DD.MM.RR'),45);
Insert into FBV_EINSATZ (SPIELER,MANNSCHAFT,DATUM,DAUER) values (10048,'Mannschaft 1',to_date('10.04.07','DD.MM.RR'),45);
Insert into FBV_EINSATZ (SPIELER,MANNSCHAFT,DATUM,DAUER) values (10042,'Mannschaft 1',to_date('17.04.07','DD.MM.RR'),90);
Insert into FBV_EINSATZ (SPIELER,MANNSCHAFT,DATUM,DAUER) values (10044,'Mannschaft 1',to_date('17.04.07','DD.MM.RR'),90);
Insert into FBV_EINSATZ (SPIELER,MANNSCHAFT,DATUM,DAUER) values (10046,'Mannschaft 1',to_date('17.04.07','DD.MM.RR'),45);
Insert into FBV_EINSATZ (SPIELER,MANNSCHAFT,DATUM,DAUER) values (10042,'Mannschaft 1',to_date('24.04.07','DD.MM.RR'),90);
Insert into FBV_EINSATZ (SPIELER,MANNSCHAFT,DATUM,DAUER) values (10044,'Mannschaft 1',to_date('24.04.07','DD.MM.RR'),90);
Insert into FBV_EINSATZ (SPIELER,MANNSCHAFT,DATUM,DAUER) values (10046,'Mannschaft 1',to_date('24.04.07','DD.MM.RR'),45);
Insert into FBV_EINSATZ (SPIELER,MANNSCHAFT,DATUM,DAUER) values (10050,'Mannschaft 2',to_date('24.03.06','DD.MM.RR'),90);
Insert into FBV_EINSATZ (SPIELER,MANNSCHAFT,DATUM,DAUER) values (10052,'Mannschaft 2',to_date('24.03.06','DD.MM.RR'),90);
Insert into FBV_EINSATZ (SPIELER,MANNSCHAFT,DATUM,DAUER) values (10054,'Mannschaft 2',to_date('24.03.06','DD.MM.RR'),45);
Insert into FBV_EINSATZ (SPIELER,MANNSCHAFT,DATUM,DAUER) values (10056,'Mannschaft 2',to_date('24.03.06','DD.MM.RR'),45);
Insert into FBV_EINSATZ (SPIELER,MANNSCHAFT,DATUM,DAUER) values (10058,'Mannschaft 2',to_date('24.03.06','DD.MM.RR'),70);
Insert into FBV_EINSATZ (SPIELER,MANNSCHAFT,DATUM,DAUER) values (10060,'Mannschaft 2',to_date('24.03.06','DD.MM.RR'),20);
Insert into FBV_EINSATZ (SPIELER,MANNSCHAFT,DATUM,DAUER) values (10052,'Mannschaft 2',to_date('03.04.07','DD.MM.RR'),90);
Insert into FBV_EINSATZ (SPIELER,MANNSCHAFT,DATUM,DAUER) values (10054,'Mannschaft 2',to_date('03.04.07','DD.MM.RR'),90);
Insert into FBV_EINSATZ (SPIELER,MANNSCHAFT,DATUM,DAUER) values (10056,'Mannschaft 2',to_date('03.04.07','DD.MM.RR'),45);
Insert into FBV_EINSATZ (SPIELER,MANNSCHAFT,DATUM,DAUER) values (10058,'Mannschaft 2',to_date('31.03.07','DD.MM.RR'),45);
Insert into FBV_EINSATZ (SPIELER,MANNSCHAFT,DATUM,DAUER) values (10052,'Mannschaft 2',to_date('31.03.07','DD.MM.RR'),90);
Insert into FBV_EINSATZ (SPIELER,MANNSCHAFT,DATUM,DAUER) values (10054,'Mannschaft 2',to_date('31.03.07','DD.MM.RR'),90);
Insert into FBV_EINSATZ (SPIELER,MANNSCHAFT,DATUM,DAUER) values (10056,'Mannschaft 2',to_date('31.03.07','DD.MM.RR'),45);
Insert into FBV_EINSATZ (SPIELER,MANNSCHAFT,DATUM,DAUER) values (10052,'Mannschaft 2',to_date('08.05.07','DD.MM.RR'),90);
Insert into FBV_EINSATZ (SPIELER,MANNSCHAFT,DATUM,DAUER) values (10054,'Mannschaft 2',to_date('08.05.07','DD.MM.RR'),90);
Insert into FBV_EINSATZ (SPIELER,MANNSCHAFT,DATUM,DAUER) values (10056,'Mannschaft 2',to_date('08.05.07','DD.MM.RR'),45);

-- INSERTING into FBV_SPIELEN
Insert into FBV_SPIELEN (MANNSCHAFT,SPIELER,NUMMER) values ('Mannschaft 1',10040,2);
Insert into FBV_SPIELEN (MANNSCHAFT,SPIELER,NUMMER) values ('Mannschaft 1',10042,4);
Insert into FBV_SPIELEN (MANNSCHAFT,SPIELER,NUMMER) values ('Mannschaft 1',10044,5);
Insert into FBV_SPIELEN (MANNSCHAFT,SPIELER,NUMMER) values ('Mannschaft 1',10050,6);
Insert into FBV_SPIELEN (MANNSCHAFT,SPIELER,NUMMER) values ('Mannschaft 1',10052,7);
Insert into FBV_SPIELEN (MANNSCHAFT,SPIELER,NUMMER) values ('Mannschaft 1',10060,17);
Insert into FBV_SPIELEN (MANNSCHAFT,SPIELER,NUMMER) values ('Mannschaft 2',10046,2);
Insert into FBV_SPIELEN (MANNSCHAFT,SPIELER,NUMMER) values ('Mannschaft 2',10048,4);
Insert into FBV_SPIELEN (MANNSCHAFT,SPIELER,NUMMER) values ('Mannschaft 2',10050,5);
Insert into FBV_SPIELEN (MANNSCHAFT,SPIELER,NUMMER) values ('Mannschaft 2',10066,6);
Insert into FBV_SPIELEN (MANNSCHAFT,SPIELER,NUMMER) values ('Mannschaft 2',10068,7);
Insert into FBV_SPIELEN (MANNSCHAFT,SPIELER,NUMMER) values ('Mannschaft 2',10070,10);
Insert into FBV_SPIELEN (MANNSCHAFT,SPIELER,NUMMER) values ('Mannschaft 3',10052,1);
Insert into FBV_SPIELEN (MANNSCHAFT,SPIELER,NUMMER) values ('Mannschaft 3',10046,2);
Insert into FBV_SPIELEN (MANNSCHAFT,SPIELER,NUMMER) values ('Mannschaft 3',10048,4);
Insert into FBV_SPIELEN (MANNSCHAFT,SPIELER,NUMMER) values ('Mannschaft 3',10050,5);
Insert into FBV_SPIELEN (MANNSCHAFT,SPIELER,NUMMER) values ('Mannschaft 3',10066,6);
Insert into FBV_SPIELEN (MANNSCHAFT,SPIELER,NUMMER) values ('Mannschaft 3',10068,7);
Insert into FBV_SPIELEN (MANNSCHAFT,SPIELER,NUMMER) values ('Mannschaft 3',10070,10);
Insert into FBV_SPIELEN (MANNSCHAFT,SPIELER,NUMMER) values ('Mannschaft 4',10058,2);
Insert into FBV_SPIELEN (MANNSCHAFT,SPIELER,NUMMER) values ('Mannschaft 4',10042,4);
Insert into FBV_SPIELEN (MANNSCHAFT,SPIELER,NUMMER) values ('Mannschaft 4',10044,5);
Insert into FBV_SPIELEN (MANNSCHAFT,SPIELER,NUMMER) values ('Mannschaft 4',10050,6);
Insert into FBV_SPIELEN (MANNSCHAFT,SPIELER,NUMMER) values ('Mannschaft 4',10052,7);
Insert into FBV_SPIELEN (MANNSCHAFT,SPIELER,NUMMER) values ('Mannschaft 4',10060,17);
Insert into FBV_SPIELEN (MANNSCHAFT,SPIELER,NUMMER) values ('Mannschaft 5',10062,2);
Insert into FBV_SPIELEN (MANNSCHAFT,SPIELER,NUMMER) values ('Mannschaft 5',10048,4);
Insert into FBV_SPIELEN (MANNSCHAFT,SPIELER,NUMMER) values ('Mannschaft 5',10050,5);
Insert into FBV_SPIELEN (MANNSCHAFT,SPIELER,NUMMER) values ('Mannschaft 5',10046,6);
Insert into FBV_SPIELEN (MANNSCHAFT,SPIELER,NUMMER) values ('Mannschaft 5',10068,7);
Insert into FBV_SPIELEN (MANNSCHAFT,SPIELER,NUMMER) values ('Mannschaft 5',10070,10);
Insert into FBV_SPIELEN (MANNSCHAFT,SPIELER,NUMMER) values ('Mannschaft 6',10052,1);
Insert into FBV_SPIELEN (MANNSCHAFT,SPIELER,NUMMER) values ('Mannschaft 6',10046,2);
Insert into FBV_SPIELEN (MANNSCHAFT,SPIELER,NUMMER) values ('Mannschaft 6',10048,4);
Insert into FBV_SPIELEN (MANNSCHAFT,SPIELER,NUMMER) values ('Mannschaft 6',10050,5);
Insert into FBV_SPIELEN (MANNSCHAFT,SPIELER,NUMMER) values ('Mannschaft 6',10066,6);
Insert into FBV_SPIELEN (MANNSCHAFT,SPIELER,NUMMER) values ('Mannschaft 6',10068,7);
Insert into FBV_SPIELEN (MANNSCHAFT,SPIELER,NUMMER) values ('Mannschaft 6',10070,10);
Insert into FBV_SPIELEN (MANNSCHAFT,SPIELER,NUMMER) values ('Mannschaft 6',10072,3);

commit;




